 = 7*u - 3. What is the remainder when f(2) is divided by 7?
4
Calculate the remainder when (-2)/(-2*1)*68 is divided by (92/(-16))/((-7)/28).
22
Suppose -44 = 8*b - 140. Suppose 0 = -r - 4*r + 25. Suppose 4*q + t - 87 = 6*t, -51 = -2*q - r*t. What is the remainder when q is divided by b?
11
Let u = 6 + -18. Let i = 21 + u. What is the remainder when 35 is divided by i?
8
Let y be (-100)/(-12) - 2/6. Let j = y + -8. Suppose -x - 5 + 33 = j. Calculate the remainder when x is divided by 15.
13
Let w = 51 - 35. Calculate the remainder when 111 is divided by w.
15
Let s(o) = 2*o**3 - 2*o**2 - o. Let b be s(2). Suppose -k + f + 11 = 0, 0 = k + 4*f - 12 - 19. What is the remainder when (-130)/(-3) - (-4)/b is divided by k?
14
Let d(g) = -8*g**3 + 2*g**2 - g - 2. What is the remainder when d(-2) is divided by 15?
12
Let t = -81 + 94. Let h(q) = -3*q - 4. What is the remainder when h(-9) is divided by t?
10
Calculate the remainder when 14 is divided by (-14)/(-3) + (-11)/(-33).
4
Let t be (-435)/(-25) - (-6)/10. Suppose -78 = -5*v + 3*f, -3*v - 2*f + 61 = t. What is the remainder when 57 is divided by v?
12
Let t(x) = x**3 + 15*x**2 + 15*x + 2. Let c be t(-14). Let a = 44 + c. What is the remainder when a is divided by 12?
8
Let y(f) = -213*f - 30. Calculate the remainder when y(-2) is divided by 57.
54
Suppose -w + 159 = 4*s, 2*w + s + 205 = 530. Let g = 13 + w. Calculate the remainder when 19 is divided by g/18 + 4/18.
9
Suppose -2*v = -2*m + 52, 0 = 4*m + 2*v + v - 132. Let r = m - 8. What is the remainder when r is divided by 12?
10
Let s = 15 - -14. Calculate the remainder when s is divided by 10.
9
Let f = -96 + 103. Calculate the remainder when 9 is divided by f.
2
Suppose -2*a - z + 251 = 0, 4*a - z - 487 = 2*z. Suppose a = 5*c - 166. Calculate the remainder when c is divided by 20.
18
Let j = -10 + 19. Suppose 15 + 0 = 3*d. Calculate the remainder when j is divided by d.
4
Let m(z) = -z**3 - 6*z**2 + 6*z + 1. Let y be m(-7). Calculate the remainder when 17 is divided by 10/y*(-5 - -9).
2
Let x be (-4086)/(-26) - 12/78. Let r = x - 110. Calculate the remainder when r is divided by 10.
7
Calculate the remainder when 62 is divided by (-6)/(-7)*(-483)/(-46).
8
Let t = -77 + 88. Calculate the remainder when 30 is divided by t.
8
Let i = 64 - 32. Suppose 0 = 3*w - 3, w - 21 = -d - 3. What is the remainder when i is divided by d?
15
Calculate the remainder when -4 + (-2 - (3 - 1) - -46) is divided by 14.
10
Let d be 1/(3/(-15*1)). Let i be d/(-3) - (-1)/3. Suppose -2*t - 4*n + 4 = 2*t, i*t - 2*n - 10 = 0. What is the remainder when 5 is divided by t?
2
Suppose -j = -3*j + 3*k + 12, 5*j = -4*k + 7. Let s(q) = 6*q**2 - 2*q - 1. Calculate the remainder when s(2) is divided by ((-1)/j - 2)*-3.
5
Let r = -80 + 52. What is the remainder when 47 is divided by (-21)/r + (-61)/(-4)?
15
Let t(o) = 9*o + 2. Let m(i) = 8*i + 3. Let g(z) = 4*m(z) - 3*t(z). What is the remainder when g(6) is divided by 13?
10
Suppose -4*z + 2 = l - 3*z, -3*z = 5*l - 16. Let y(m) = 6*m + 2. Calculate the remainder when y(2) is divided by l.
4
Let r = -103 + 161. Suppose -4*s - 20 = 0, 2*l - 6 - r = -4*s. What is the remainder when l is divided by 15?
12
Let m = -25 - -70. What is the remainder when m is divided by 16?
13
Suppose -5*u + 4*i + 182 = 0, 2*u - 3*i - 146 = -2*u. Calculate the remainder when u is divided by 20.
18
Suppose 3*l - 4 = l. Suppose -q + l*y + 24 = 3*q, -28 = -5*q + 3*y. Calculate the remainder when 14 is divided by q.
6
Let p(o) = 12*o - 2. Let c be p(-1). What is the remainder when 7 is divided by (-1)/(c/(-5) + -3)?
2
Suppose -3*k + 7*k = 3*g - 23, -4*k - 3*g = 17. Let u = k - -10. Calculate the remainder when 18 is divided by u.
3
Suppose -3*w + 7*w + 3*u - 12 = 0, 4 = 2*w + u. Let v(p) = -p**2 + 17. Calculate the remainder when 32 is divided by v(w).
15
Let b(w) = w**2 + 7*w - 13. What is the remainder when 59 is divided by b(3)?
8
Calculate the remainder when 19 is divided by (8 - 3/((-3)/(-4))) + 1.
4
Suppose 4*c - 62 - 144 = -y, 151 = 3*c - y. What is the remainder when c is divided by 26?
25
Suppose 14 = -2*m + 2. Let c(k) = -k**3 + k**2 + 14. Let x be c(0). What is the remainder when 27 is divided by (x/(-3))/(2/m)?
13
Suppose 2*u + 2*v - 5*v - 50 = 0, 0 = -4*u + 3*v + 94. What is the remainder when u is divided by 8?
6
Let k = -694 - -704. Suppose -3*r + t + 107 = -35, 3*r + 4*t = 167. Calculate the remainder when r is divided by k.
9
Suppose 19 - 13 = q. What is the remainder when 9 is divided by q?
3
Suppose -z - 185 = -6*z. Suppose 3*k = 2*v + 98, 0 = 5*k - 5*v - 189 + 34. Suppose 16 + k = 4*n. Calculate the remainder when z is divided by n.
11
Let a(r) = -r**3 - 7*r**2 + 9*r + 5. Let n be a(-8). Suppose 1 = -k - 2*v, 10 = -4*k - 3*v + 26. What is the remainder when (57/n)/(-2 + 1) is divided by k?
5
Suppose -6*g - 57 = -9*g. Calculate the remainder when 35 is divided by g.
16
Let s be ((-92)/(-16))/((-1)/4). Let p = s - -43. What is the remainder when 37 is divided by p?
17
Suppose -10*u - 80 = -15*u. Calculate the remainder when (-119)/(-4) - (-2)/8 is divided by u.
14
Let r(g) = -4*g**3 + 2*g**2 + 2*g - 1. Let w be r(2). Let n = w + 30. What is the remainder when n is divided by 3?
0
Let g be (3*2 - -2)/1. Let x(l) = -20 + 6 + 14 + l. Calculate the remainder when 22 is divided by x(g).
6
Let n = -58 + 210. Let x = n - 102. What is the remainder when x is divided by -1 + 16 + 1 + 1?
16
Let j(y) = -3*y**2 - 1. Let u be j(1). Let v(a) = -6 - 5*a + 1 - 1. Calculate the remainder when v(u) is divided by 8.
6
Suppose 5*m + 42 - 117 = 0. Calculate the remainder when m is divided by 9.
6
Calculate the remainder when 1 - (-83 - (-12)/(-4)*-1) is divided by 22.
15
Let b be ((-1)/3)/(1/(-12)). Suppose -f + 3 = -b. Calculate the remainder when 20 is divided by f.
6
Suppose -11*y + 14*y - 39 = 0. Suppose 0 = -2*o - 3*o - 190. Calculate the remainder when -1 - (1 + -2) - o is divided by y.
12
Let o = 188 - 169. Calculate the remainder when 52 is divided by o.
14
Let f(n) = n + 2. Let u(j) = -j**3 + 7*j**2 - 7*j + 6. Calculate the remainder when u(4) is divided by f(7).
8
Let k be 2*1*3/6. What is the remainder when k*(3 + 62) + -3 is divided by 16?
14
Let m(n) = n**3 + 2*n**2 - n. Let l = 11 + -14. Let h = l + 10. What is the remainder when h is divided by m(1)?
1
Suppose 3*z + z = -3*n + 64, 0 = 3*n - 4*z - 32. Suppose l - n + 5 = 0. Calculate the remainder when 43 is divided by l.
10
Let b(u) = u**2 - 4*u - 1. Let i be -2 - (2 + -1 + 0). Let x be b(i). Suppose t - 3 = -3*w + 21, x = 5*w. Calculate the remainder when 22 is divided by t.
10
Suppose -2*d + 574 = -0*d. What is the remainder when 32 is divided by d/28 + 6/8?
10
Let f(z) = z**3 + 15*z**2 + z + 22. Let y = -16 + 35. What is the remainder when y is divided by f(-15)?
5
Let p = 21 + -13. Let i(x) be the second derivative of x**5/20 - 2*x**4/3 + x**3/3 - 9*x**2/2 - 4*x. What is the remainder when i(p) is divided by 4?
3
Calculate the remainder when 87 is divided by 4 - (362/(-14) - 19/133).
27
Let m(l) = -2*l**3 - 2*l**2 - l - 1. What is the remainder when m(-2) is divided by 2*(-1 + 0 + 3)?
1
Let w(l) = 5*l**2 + 3*l + 2. Suppose 6*v - 2*v - 76 = 0. What is the remainder when w(3) is divided by v?
18
Suppose -l + 2*o = -0*l - 24, -2*o + 156 = 5*l. What is the remainder when 113 is divided by l?
23
Let q = -31 + 7. Calculate the remainder when (q/(-21))/(6/21) is divided by 2.
0
Suppose 75 = 3*k + 3*t, -t - t = -2*k + 50. Let p be (-4)/(-14) - (-640)/14. Suppose p = 5*l + 11. Calculate the remainder when k is divided by l.
4
Let q = -8 - -63. Calculate the remainder when q is divided by 14.
13
Let u(f) = 9*f + 66. Let w = -51 - -71. Calculate the remainder when w is divided by u(-7).
2
Suppose -6*g + 24 = -2*g. Calculate the remainder when (-3)/6*-4*5 is divided by g.
4
Let x(w) = 0 + 5 + w - 4 + 6. What is the remainder when x(13) is divided by 7?
6
Calculate the remainder when (-4 + (-10)/3)*(-30)/4 is divided by 19.
17
Suppose p - 20 = 15. What is the remainder when p is divided by 9?
8
Suppose 2*q = -5*b + 55, -4*q + 6*b = 3*b - 45. What is the remainder when 42 is divided by q?
12
Let l be (7 - (0 - -3)) + 2. Let i = 23 - -13. What is the remainder when i is divided by 16 - l*(-2)/4?
17
Le